actor of j and 38?
38
Suppose -28*c = -24*c + 20, p + 5*c - 61 = 0. Calculate the highest common divisor of p and 301.
43
Suppose -3*z + 102 = 4*m, 3*m = -z + 14 + 25. Let y be 5 + 69 + (2 - 1). Calculate the highest common factor of z and y.
15
Suppose -9*l - 2115 + 5247 = 0. Calculate the greatest common factor of l and 29.
29
Suppose 3*a - 6 - 6 = 0. Let u be 5 + (2 - a) - -11. Calculate the highest common divisor of 98 and u.
14
Let q = 100 + -98. What is the highest common divisor of q and 19?
1
Suppose -6353 = -31*t - 1517. What is the greatest common divisor of t and 91?
13
Suppose -8*h = -29 - 3. Let q(c) = 33*c + 2. Let o be q(2). What is the highest common factor of h and o?
4
Let r = -153 - -164. Calculate the greatest common factor of 517 and r.
11
Let d be (-65)/(-15) - 4/3. Suppose d*h - 38 = -8. Let n be 298/4 + 5/h. Calculate the greatest common factor of 25 and n.
25
Let r = -14 + 24. Suppose -r*o + 11*o - 20 = 0. Suppose 2*v = 51 + 49. What is the highest common factor of o and v?
10
Let p be (-291)/(-5) + (42/(-7))/30. What is the highest common divisor of p and 232?
58
Let s(b) = b**3 - 5*b**2 + 2*b + 11. Let u be s(5). Calculate the greatest common divisor of 84 and u.
21
Let a(c) = c**2 + 1. Let g be a(3). Let t(v) = v + 1. Let j be t(3). Suppose 3*u - 5*p = 35, j = 2*u + 3*p - 13. What is the greatest common divisor of u and g?
10
Suppose -6*x - 183 = -543. Let n = 21 - 9. What is the greatest common divisor of n and x?
12
Suppose -q - 15 = -4*n, 0 = -0*n - 4*n - 4*q. Suppose 2*g = n - 25. Let d = 55 + g. Calculate the highest common divisor of 11 and d.
11
Let b = 341 + -321. Calculate the greatest common divisor of b and 28.
4
Let c(b) = -b**2 - 20*b + 65. Let x be c(-21). Calculate the highest common divisor of x and 176.
44
Let m be (-1 - 2) + -9*4*-1. Calculate the highest common divisor of m and 726.
33
Suppose -13587 - 413 = -28*f. Calculate the greatest common divisor of f and 20.
20
Suppose 251 = 3*k - 145. Suppose 0 = 67*m - m - 792. Calculate the highest common factor of k and m.
12
Let w = 348 + -347. What is the highest common factor of w and 1?
1
Suppose -w = 2*n + n - 35, 45 = 4*n + w. Suppose -111 - 29 = -2*l. Calculate the highest common divisor of n and l.
10
Suppose 93*z - 95*z = -48. What is the highest common divisor of z and 9?
3
Let q = -4464 + 2079. Let n be 2/8 - q/60. Let g be (16 + -15)*(n + -1). Calculate the highest common divisor of g and 26.
13
Suppose 0 = 3*k - v - 85, 4*k - 124 = -5*v + 9*v. Calculate the highest common divisor of 297 and k.
27
Let h be (-4)/(-8)*-1*2. Let l be (-2 - 1/h) + 7. Calculate the greatest common divisor of 48 and l.
6
Let n(l) = -434*l + 31. Let p be n(-1). What is the greatest common factor of 30 and p?
15
Suppose a - 5 + 1 = 0. Suppose 0*j = -a*j + 76. What is the greatest common divisor of 209 and j?
19
Suppose -3*h + 4765 = 2*h. Suppose 4*s - h = -73. Suppose -2*q + 66 = 3*k, -6 = -5*k + 5*q + 79. Calculate the greatest common divisor of s and k.
20
Suppose 3 = -n + 4*i - 1, 4*i - 64 = -4*n. Suppose 6 = q - n. What is the highest common factor of 54 and q?
18
Let i be 3/((-66)/(-4)) - (-924)/242. Suppose -s + 3 = -z + 24, -3*s = -i*z + 89. Calculate the highest common divisor of z and 65.
13
Let c(p) = -3*p + 35. Let z = -18 - -18. Let v be c(z). What is the greatest common factor of v and 315?
35
Let v be (-9)/(-6) + (-9)/(-6). Let i = 65 + -41. Calculate the highest common factor of i and v.
3
Let l = 16 + -5. Let m be (56/(-7) + 9)/1. What is the highest common divisor of l and m?
1
Suppose -4*o - 5*l = -l + 4712, -4*l + 8 = 0. Let a = -503 - o. Suppose 3*b - a = -56. Calculate the greatest common divisor of 23 and b.
23
Let o(d) = -d**2 + 14*d - 24. Let v be o(10). What is the highest common factor of 1024 and v?
16
Suppose 172 = 4*i + 40. Let o be (-22)/(-8) + 1/4. Suppose 4*h = -o*v + 58, 17 = -2*v - 5*h + 51. What is the highest common factor of i and v?
11
Suppose 0 = -c - 48 + 52. Let w(q) = q + 9. Let k be w(-7). Suppose 4*y = -k*x + 62, 61 = 3*y + y + 3*x. What is the highest common factor of y and c?
4
Let x = 1790 - 1740. Calculate the highest common factor of x and 25.
25
Suppose y + 10*y - 572 = 0. What is the greatest common factor of 39 and y?
13
Suppose -4*b + 19 + 5 = 0. Let z(j) = -j + 14. Let m be z(10). Suppose 10 = m*p - 26. Calculate the greatest common divisor of p and b.
3
Let u be 16*4/(4 + (-30)/9). Calculate the greatest common divisor of u and 2976.
96
Suppose 86*p - 14*p - 12384 = 0. What is the greatest common factor of p and 20?
4
Let a(q) = -q**3 - q**2 - q + 2. Let k be a(0). Suppose -k*z - 27 = -5*z. What is the highest common factor of 99 and z?
9
Let t(h) = -h + 12. Let f be t(8). Let v be f*1*40/32. Let z = v - -2. Calculate the greatest common divisor of 7 and z.
7
Let f = 56 - -9. What is the greatest common factor of 20 and f?
5
Suppose -2*d + 11 = -q, 33 - 8 = 5*d - 5*q. Suppose -d*j = -9*j + 54. What is the greatest common factor of 2 and j?
2
Let c be (-1 + 7)*(-39)/(-26). Let p(t) = -t**2 + 0*t**2 + 3 + 7*t + 16. Let f be p(c). What is the greatest common divisor of f and 8?
1
Suppose 3*s + 6 + 3 = 0. Let p be 157/4 + s/(-4). Suppose -z - b = z - 25, -5*b = -z + p. What is the highest common divisor of z and 165?
15
Suppose 3*m + 5*y - 47 = 0, -37 = -2*m - 3*m + 2*y. Suppose 7*w + m = 44. Calculate the greatest common factor of 30 and w.
5
Let n be 52 + (-3 - -3 - 2). Suppose -c = -0*c. Let q(w) = -w + 10. Let h be q(c). What is the greatest common divisor of n and h?
10
Suppose 2*q + 4*q - 18 = 0. Suppose 0 = -f - 2*f - t + 27, 0 = -5*t. Calculate the highest common factor of f and q.
3
Let u be (-2)/((-4)/(-6)) - (-547 + 33). Calculate the highest common divisor of 146 and u.
73
Let c be (-130)/20*(0 - -14). Let a = -75 - c. What is the greatest common factor of a and 4?
4
Suppose 2*l + 280 = 4*b, -4*b = -7*b + 5*l + 196. Calculate the highest common factor of b and 315.
9
Let g = 901 - 894. Calculate the highest common divisor of 259 and g.
7
Let w be 611*3/33*11. Calculate the highest common factor of w and 13.
13
Let k(f) = -25*f + 1. Let c be k(1). Let p be c/(-9)*6/8. Let x be 2*p/(-4) - -3. What is the greatest common divisor of x and 10?
2
Let l be 3 + -2 + 109/1. Let z(b) = -12*b**2 + 11*b**2 - b**3 - 7*b - 5*b**2. Let w be z(-5). What is the highest common factor of l and w?
10
Suppose 0 = -3*i + c + 1176, 659 = 2*i - c - 125. What is the highest common divisor of i and 224?
56
Let q be (5 + -5)/(2 + -1). Suppose -m = -q*m. Let j be (-1 - m) + 1 + 1. Calculate the highest common factor of j and 1.
1
Let t = 138 - -62. What is the greatest common divisor of 125 and t?
25
Suppose 3*v - 84 = -v. Let x = 17 - -18. Let n = x - -28. What is the highest common divisor of v and n?
21
Suppose 0 = -s - d + 122, 7*s - 2*s - 610 = -d. Calculate the greatest common factor of s and 2.
2
Let l be (-10)/2 - (0 + -3). Let u be l/6*(0 + 0). Let w be (-2 - u)/(22/(-253)). Calculate the greatest common factor of 23 and w.
23
Let w be (-9 - 61)*(-2)/((-1)/(-1)). Suppose 0*x = -5*x + w. What is the highest common divisor of x and 168?
28
Let a(k) = 13*k - 76. Let w be a(6). What is the greatest common divisor of 14 and w?
2
Let z be 2/(6/34992*9). Calculate the highest common factor of 81 and z.
81
Suppose 8 = 4*q - 0*q. Let c = 6 - q. Suppose c*f + f = 50. Calculate the greatest common divisor of f and 25.
5
Let i(o) = 92*o + 646. Let r be i(-7). What is the highest common divisor of r and 26?
2
Let o(i) = i + 8. Let c be o(10). Let j = c + 0. What is the highest common divisor of j and 2?
2
Suppose -7*c - 323 = -24*c. What is the highest common divisor of c and 76?
19
Suppose 2*o = 3*o + 72. Let q be (-180 + 0)*o/90. What is the greatest common divisor of 16 and q?
16
Suppose -6*i = 31 - 175. Calculate the greatest common divisor of 84 and i.
12
Let m be (-546)/(-13) - (-2 - 0). What is the greatest common factor of 198 and m?
22
Suppose i = 3*g - 3*i - 104, 2*i + 36 = g. Suppose d = 8*d - 336. Calculate the highest common factor of d and g.
16
Let s(i) = -i**3 - 13*i**2 - 12*i + 12. Let j be s(-12). Suppose m - j = 4. Let g = 31 - m. Calculate the highest common divisor of 10 and g.
5
Let h(l) = 23*l**2 + 2*l - 1. 